{"id":230,"date":"2023-11-12T12:23:31","date_gmt":"2023-11-12T12:23:31","guid":{"rendered":"https:\/\/hotelwillert.de\/?page_id=230"},"modified":"2025-01-11T10:54:30","modified_gmt":"2025-01-11T10:54:30","slug":"hotel-willert-wismar","status":"publish","type":"page","link":"https:\/\/hotelwillert.de\/?page_id=230","title":{"rendered":"Hotel Willert  &#8211; Wismar"},"content":{"rendered":"\n<p> <\/p>\n\n\n\n<p>Sie m\u00f6chten Ihren Urlaub, Kurzurlaub oder Zwischenstopp in Wismar buchen. Wunderbar. Senden Sie uns eine Mail an:&nbsp;<strong>info@hotelwillert.de<\/strong>, oder eine Nachricht \u00fcber unser Kontaktformular.<\/p>\n\n\n\n<p>Gerne erstellen wir Ihnen ein individuelles Angebot.<\/p>\n\n\n\n<p>Oder buchen Sie zu einem der besonderen Tage in der Hansestadt, diese Termine sind schnell ausgebucht.<\/p>\n\n\n\n<p>Ostern sind wir bereits ausgebucht!!<\/p>\n\n\n\n<p>Vielleicht besuchen Sie uns zu den Hafentagen?! Oder nutzen Sie eines der langen Wochenenden.<\/p>\n\n\n\n<p>Sie m\u00f6chten zu uns kommen, so freuen wir uns auf eine Anfrage von Ihnen. Unser Kontaktformular bietet Ihnen die M\u00f6glichkeit zu schnellen Abfrage der Verf\u00fcgbarkeit zu Ihrem Wunschtermin.<\/p>\n\n\n\n<p>Wir freuen uns, von Ihnen zu h\u00f6ren.<\/p>\n","protected":false},"excerpt":{"rendered":"<p>Sie m\u00f6chten Ihren Urlaub, Kurzurlaub oder Zwischenstopp in Wismar buchen. Wunderbar. Senden Sie uns eine Mail an:&nbsp;info@hotelwillert.de, oder eine Nachricht \u00fcber unser Kontaktformular. Gerne erstellen&#8230;<\/p>\n","protected":false},"author":1,"featured_media":0,"parent":0,"menu_order":0,"comment_status":"closed","ping_status":"closed","template":"","meta":{"footnotes":""},"class_list":["post-230","page","type-page","status-publish","hentry"],"_links":{"self":[{"href":"https:\/\/hotelwillert.de\/index.php?rest_route=\/wp\/v2\/pages\/230","targetHints":{"allow":["GET"]}}],"collection":[{"href":"https:\/\/hotelwillert.de\/index.php?rest_route=\/wp\/v2\/pages"}],"about":[{"href":"https:\/\/hotelwillert.de\/index.php?rest_route=\/wp\/v2\/types\/page"}],"author":[{"embeddable":true,"href":"https:\/\/hotelwillert.de\/index.php?rest_route=\/wp\/v2\/users\/1"}],"replies":[{"embeddable":true,"href":"https:\/\/hotelwillert.de\/index.php?rest_route=%2Fwp%2Fv2%2Fcomments&post=230"}],"version-history":[{"count":3,"href":"https:\/\/hotelwillert.de\/index.php?rest_route=\/wp\/v2\/pages\/230\/revisions"}],"predecessor-version":[{"id":244,"href":"https:\/\/hotelwillert.de\/index.php?rest_route=\/wp\/v2\/pages\/230\/revisions\/244"}],"wp:attachment":[{"href":"https:\/\/hotelwillert.de\/index.php?rest_route=%2Fwp%2Fv2%2Fmedia&parent=230"}],"curies":[{"name":"wp","href":"https:\/\/api.w.org\/{rel}","templated":true}]}}