{"id":101,"date":"2021-06-14T14:54:58","date_gmt":"2021-06-14T14:54:58","guid":{"rendered":"https:\/\/hotelwillert.de\/?page_id=101"},"modified":"2026-01-15T13:25:32","modified_gmt":"2026-01-15T13:25:32","slug":"preise-und-allgemeine-informationen","status":"publish","type":"page","link":"https:\/\/hotelwillert.de\/?page_id=101","title":{"rendered":"Preise und allgemeine Informationen"},"content":{"rendered":"\n<p>Nachfolgend sollten Sie alle Antworten auf Ihre Fragen finden. <\/p>\n\n\n\n<p>Grunds\u00e4tzlich empfiehlt es sich, immer erst Kontakt mit uns aufzunehmen, wenn Sie eine Fragen haben, die z.B. Allergien, Einschr\u00e4nkungen, oder anderen Dingen betreffen k\u00f6nnen. Bei einer direkten Buchung kann dies in der Regel vorab gekl\u00e4rt werden. Melden Sie sich gerne direkt: info@hotelwillert.de oder auch telefonisch: 0177 &#8211; 27 29 813.<\/p>\n\n\n\n<p><\/p>\n\n\n\n<p><strong>Unsere Zimmerpreise<\/strong> Stand 03.2025 ( \u00c4nderungen vorbehalten )<\/p>\n\n\n\n<p class=\"has-medium-font-size\">Einzelzimmer <strong>ab<\/strong> 60,00 \u20ac pro Nacht\/Zimmer ( je nach Zimmervariante )<\/p>\n\n\n\n<p class=\"has-medium-font-size\">Doppelzimmer <strong>ab<\/strong> 89,00 \u20ac \/ Doppelzimmer zur Einzelnutzung <strong>ab<\/strong> 79,00 \u20ac pro Nacht\/Zimmer ( je nach Zimmervariante )<\/p>\n\n\n\n<p class=\"has-medium-font-size\">Dreibettzimmer 119,&#8211; \u20ac pro Nacht\/Zimmer <\/p>\n\n\n\n<p class=\"has-medium-font-size\">Alle Zimmer sind mit eigenen Bad ( Dusche und WC ) ausgestattet. Kostenfrei finden Sie z.B. Duschgel und Handseife, auch steht Ihnen eine KaffeePadmaschine und ein Wasserkocher ( Tee und Kaffee vorhanden ) kostenfrei zur Verf\u00fcgung.<\/p>\n\n\n\n<p class=\"has-medium-font-size\">Alle \u00dcbernachtungspreise verstehen sich pro Nacht \/ Zimmer inklusive 7% MwSt zuz\u00fcglich 5% \u00dcbernachtungssteuer<\/p>\n\n\n\n<p class=\"has-small-font-size\">&#8211; unter Vorbehalt, \u00c4nderungen m\u00f6glich, Preise k\u00f6nnen variieren je nach Aufenthaltsdauer &#8211; alle Zimmerpreise verstehen sich pro Nacht\/Zimmer zuz\u00fcglich 5% \u00dcbernachtungssteuer ( z.B. 80,&#8211; Euro plus 5% \u00dcbernachtungssteuer ( inkl. 7% MwSt ). Diese Steuer ist kein Bestandteil unserer Zimmerrate, wird von als separater Posten auf Ihrer Hotelrechnung ausgewiesen und von uns an die Stadt Wismar weitergeleitet.<\/p>\n\n\n\n<p>Informationen dazu finden Sie unter &nbsp;<a href=\"http:\/\/www.wismar.de\/\" target=\"_blank\" rel=\"noreferrer noopener\">www.wismar.de<\/a>&nbsp;Suchbegriff \u00dcbernachtungssteuer &nbsp;<\/p>\n\n\n\n<p>In jeder Kategorie sind unterschiedliche Zimmervarianten vorhanden, mit jeweils unterschiedlichen Preisen. Unsere Zimmer sind auf 3 Etagen verteilt und haben unterschiedliche Lagen: z.B. Stra\u00dfenseite, mit oder ohne Dachschr\u00e4gen, nach Hinten gelegen, Sonne ab Mittags bis in den Abend, Schatten ab Mittag, welches Stockwerk etc.,  diese Details werden in unseren Angeboten bzw. Best\u00e4tigungen ausdr\u00fccklich beschrieben.<\/p>\n\n\n\n<p>Unterschiede der einzelnen Kategorien sind z.B. auch die Gr\u00f6\u00dfen der Zimmer. Unser kleinstes Einzelzimmer hat ein Gr\u00f6\u00dfe von 10 qm, unser gr\u00f6\u00dftes Doppelzimmer eine Gr\u00f6\u00dfe von 24 qm. Auch diese Angabe finden Sie immer in unserem Angebot, bzw. auch auf einem der Buchungsportale. <\/p>\n\n\n\n<p>Wenn Sie ein Angebot bei uns erfragen, werden wir Ihnen immer die m\u00f6gliche Auswahl f\u00fcr den von Ihren gew\u00fcnschten Zeitraum anbieten. Ab einer Aufenthaltsdauer von mehr als 2 N\u00e4chten gew\u00e4hren wir oft einen Rabatt. Diese wird nur gew\u00e4hrt, wenn es ausdr\u00fccklich im Angebot aufgef\u00fchrt wird. Rabatte werden nicht gew\u00e4hrt f\u00fcr z.B. besonderen Veranstaltungen oder Termine.<\/p>\n\n\n\n<p><\/p>\n\n\n\n<p class=\"has-medium-font-size\"><strong>Extraleistungen, die separat dazu gebucht werden k\u00f6nnen &#8211; \u00c4nderungen vorbehalten:<\/strong> <\/p>\n\n\n\n<p class=\"has-small-font-size\">genannte Preise gelten immer inklusive der gesetzlichen Mehrwertsteuer <\/p>\n\n\n\n<p class=\"has-medium-font-size\"><strong>Fr\u00fchst\u00fccksbuffet:<\/strong> 13,50 Euro pro Nacht\/Person (  inkl 7% MwSt als auch 19% MwSt )<\/p>\n\n\n\n<p class=\"has-small-font-size\">&#8211; Unvertr\u00e4glichkeiten m\u00fcssen uns mindestens 1 Tag vor der Anreise bekannt gegeben werden, ansonsten k\u00f6nnen wir nicht darauf reagieren.<\/p>\n\n\n\n<p class=\"has-medium-font-size\">Stellplatz auf unserem hoteleigenen <strong>Parkplatz:<\/strong> <\/p>\n\n\n\n<p class=\"has-medium-font-size\">5,&#8211; Euro pro Nacht pro Pkw oder Motorrad ( Gilt nur bei einer Direktbuchung bei uns. Bei Buchungen \u00fcber einen Vermittler oder Buchungsportal gilt der dort aufgef\u00fchrte Preis. ) Wir sind gesetzlich dazu verpflichtet, den Betrag f\u00fcr den Stellplatz separat auszuweisen, zudem hier ein anderer Steuersatz ( 19% ) zu ber\u00fccksichtigen ist.<\/p>\n\n\n\n<p><\/p>\n\n\n\n<p><strong>Weitere Betten \/ Kinderbetten \/ \u00dcbernachtungen mit Kind: <\/strong><\/p>\n\n\n\n<p>Zusatzbett 20,&#8211; Euro pro Nacht\/Bett ( nicht f\u00fcr alle Zimmerkategorien verf\u00fcgbar ) auf Anfrage ( inklusive 7% MwSt )<\/p>\n\n\n\n<p>\u00dcbernachtung des Kindes im Bett der Eltern: f\u00fcr Kinder bis 3 Jahre kostenfrei, ab 4 Jahre bis 6 Jahre 10,&#8211; Euro pro Nacht\/Kind ( inklusive 7% MwSt )  &#8211; bitte teilen Sie uns Ihren Wunsch bei Buchung mit<\/p>\n\n\n\n<p>Kinderbett\/Babybett 10,&#8211; Euro pro Nacht\/Bett &#8211; f\u00fcr Kinder bis 4 Jahre maximal &nbsp;bis 15kg K\u00f6rpergewicht ( inklusive 7% MwSt )  &#8211; teilen Sie uns dies bei Ihrer Buchung mit<\/p>\n\n\n\n<p><\/p>\n\n\n\n<p><strong>Hinweise, Informationen zu \u00dcbernachtungspreise und Kategorien, allgemeine Gesch\u00e4ftsbedingungen<\/strong><\/p>\n\n\n\n<p>* <strong>Zahlung<\/strong>: Sie k\u00f6nnen mit EC-Karte oder Bar bezahlen. Gerne akzeptieren wir auch Visa und MasterCard.<\/p>\n\n\n\n<p>* Um Ihre <strong>Reservierung halten<\/strong> zu k\u00f6nnen, beachten Sie bitte, dass die Anreise bis 18.30 Uhr erfolgen muss, au\u00dfer Sie haben vorab eine abweichende Ankunftszeit mit dem Hotel vereinbart. Sofern nicht ausdr\u00fccklich eine sp\u00e4tere Ankunftszeit vereinbart wurde, beh\u00e4lt sich das Hotel das Recht vor, das gebuchte Zimmer nach 18.30 Uhr anderweitig zu vergeben, ohne dass der Gast hieraus Ersatzanspr\u00fcche herleiten kann. Ihre Buchung verf\u00e4llt dann automatisch, Kosten k\u00f6nnen entstehen.<\/p>\n\n\n\n<p>* <strong>Check-in<\/strong><\/p>\n\n\n\n<p>Wir sind lediglich ein kleines Hotel Garni und unsere Rezeption ist <strong>nicht durchgehend<\/strong> zum Check-in ge\u00f6ffnet und eine Anreise daher nicht zu jeder Zeit m\u00f6glich. Unsere regul\u00e4ren Check-in Zeiten: 15.30 &#8211; 18.30 Uhr. \u00c4nderungen m\u00f6glich<\/p>\n\n\n\n<p>K\u00f6nnen Sie aus den unterschiedlichsten Gr\u00fcnden nicht innerhalb unseren oben genannten Zeiten anreisen, so nehmen Sie bitte Kontakt mit uns auf.  Eine Alternative ist z.B. unsere KeyBox, die Ihren Zimmerschl\u00fcssel unkompliziert zu jeder Zeit zug\u00e4nglich macht. Bitte beachten Sie, das grunds\u00e4tzlich eine vorherige Vereinbarung mit uns zu treffen ist, wenn Sie au\u00dferhalb der oben genannten Zeiten eintreffen m\u00f6chten.<\/p>\n\n\n\n<p>Nach 18.30 Uhr ist die Rezeption nicht mehr besetzt, ohne Vereinbarung k\u00f6nnen Sie nicht einchecken. !! Ihre Buchung verf\u00e4llt automatisch, Kosten k\u00f6nnen entstehen.<\/p>\n\n\n\n<ul class=\"wp-block-list\">\n<li>Sp\u00e4tanreise: Wir verf\u00fcgen \u00fcber eine KeyBox, die f\u00fcr eine Anreise au\u00dferhalb unserer regul\u00e4ren Check-in Zeiten zur Verf\u00fcgung steht.  Bitte beachten Sie, dass hierzu sp\u00e4testens am Tag VOR Ihrer Anreise dazu eine Vereinbarung getroffen werden muss. <\/li>\n<\/ul>\n\n\n\n<p><\/p>\n\n\n\n<p>* Alle Zimmer sind <strong>Nichtraucherzimmer<\/strong>.<\/p>\n\n\n\n<p>* <strong>Haustiere<\/strong> sind in einigen Zimmern auf Anfrage erlaubt, 5,&#8211; \u20ac bis 10,&#8211; \u20ac pro Tier\/Nacht, abh\u00e4ngig von der Gr\u00f6\u00dfe und der Aufenthaltsdauer. Die Anzahl der zur Verf\u00fcgung stehenden Zimmer, in denen Tiere mit \u00fcbernachten d\u00fcrfen, ist begrenzt. Bitte beachten Sie bitte, das im Interesse aller G\u00e4ste, wir es <strong>nicht<\/strong> gestatten, Tiere mit in den Fr\u00fchst\u00fccksraum zu bringen. Ihr Haustier sollte es also gewohnt sein, auch einige Zeit ruhig und alleine im Zimmer zu bleiben, w\u00e4hrend Sie z.B. unser Fr\u00fchst\u00fccksbuffet genie\u00dfen oder einen Bummel durch die Altstadt ohne den Vierbeiner machen m\u00f6chten.<\/p>\n\n\n\n<p>* <strong>Eingeschr\u00e4nkte Beweglichkeit?!: <\/strong> Das Hotel befindet sich in einer alten Jugendstil-Villa und besitzt <strong>keinen<\/strong> Aufzug. F\u00fcr Menschen mit einer Gehbehinderung nur bedingt geeignet. Grunds\u00e4tzlich sind alle Bereiche nur \u00fcber ein Treppenhaus zu erreichen, auch das Erdgeschoss\/Hochparterre. Wir verf\u00fcgen nur \u00fcber wenige Zimmer im Erdgeschoss\/ Hochparterre, bitte fragen Sie VOR Ihre Buchung danach. Alle weiteren Fragen dazu beantworten wir Ihnen gerne.  Wir sind kein Behindertengerechtes Hotel, auch verf\u00fcgen wir nicht \u00fcber separat ausgewiesene Behinderten Parkpl\u00e4tze. <\/p>\n\n\n\n<p>* Unsere \u00f6ffentlichen R\u00e4ume und auch unsere Zimmer sind nicht klimatisiert, wir verf\u00fcgen <strong>nicht <\/strong>\u00fcber eine <strong>Klimaanlage<\/strong>. Im Fall einer Buchung oder auch bei einem Angebot erhalten Sie eine ausf\u00fchrliche Beschreibung der Lage Ihres reservierten Zimmers. Sollten Sie dazu eine Frage haben oder eine andere Etage vorziehen, so melden Sie sich bitte rechtzeitig. Haben Sie jedoch Verst\u00e4ndnis daf\u00fcr, dass wir z.B. aufgrund von vorhandenen Buchungen nur bedingt auf W\u00fcnsche Ihrerseits eingehen k\u00f6nnen.<\/p>\n\n\n\n<p>* Die <strong>Zimmerpreise <\/strong>verstehen sich ohne Fr\u00fchst\u00fcck. Gerne k\u00f6nnen Sie individuell unser reichhaltiges Fr\u00fchst\u00fccksbuffet dazu buchen.<\/p>\n\n\n\n<p>*<strong>\u00dcbernachtungssteuer:<\/strong> Bitte beachten Sie, dass f\u00fcr alle \u00dcbernachtungen auf den reinen \u00dcbernachtungspreis je Nacht\/Zimmer <strong>5% \u00dcbernachtungssteuer<\/strong> der Hansestadt Wismar  ( diese Position enth\u00e4lt die gesetzliche Mehrwertsteuer ) aufgerechnet wird. Diese Steuer ist kein Bestandteil unserer Zimmerrate, wird von als separater Posten auf Ihrer Hotelrechnung ausgewiesen und von uns an die Stadt Wismar weitergeleitet. <strong>Beachten Sie bitte<\/strong>, das Buchungen \u00fcber ein Buchungsportal z.B. Booking.com nur den NettoBetrag der \u00dcbernachtungssteuer ausweist, da nicht alle St\u00e4dte darauf MwSt erheben. <\/p>\n\n\n\n<p>* Zugang in unser <strong>W-LAN \/ WiFi <\/strong>ist \u00fcber einen Gastzugang f\u00fcr unsere Hausg\u00e4ste w\u00e4hrend der Dauer des Aufenthaltes kostenfrei nutzbar. Bitte beachten Sie, dass es bei Nutzung aufgrund z.B. Ihrer pers\u00f6nlich eingerichteten FireWall, Virenprogramme oder Schutzprogrammen zu Einschr\u00e4nkungen kommen kann oder das Endger\u00e4t via Gastzugang nicht online geht. Dieser Gastzugang wird Ihnen kostenfrei und unentgeltlich bereitgestellt, f\u00fcr Einschr\u00e4nkungen oder auch Erreichbarkeit des WLAN \u00fcbernimmt das Hotel keinerlei Gew\u00e4hrleistung oder Haftung.<\/p>\n\n\n\n<p>* <strong>Stellpl\u00e4tze<\/strong> sind auf unserem hoteleigenen Parkplatz zum Preis von 5,&#8211; Euro pro Nacht ( inkl. 19% MwSt ) vorhanden, lediglich f\u00fcr die Dauer Ihres Aufenthaltes und unter der Voraussetzung der Verf\u00fcgbarkeit buchbar.  (  Gilt nur bei einer Direktbuchung bei uns. Bei Buchungen \u00fcber einen Vermittler oder Buchungsportal gilt der dort aufgef\u00fchrte Preis.  ) <\/p>\n\n\n\n<p>Dieses Entgelt wird f\u00fcr Pkw als auch f\u00fcr Motorr\u00e4der berechnet, unsere Parkpl\u00e4tze sind begrenzt. Kostenfreie Parkpl\u00e4tze stehen innerhalb unseres Parkplatzes nicht zur Verf\u00fcgung.  Planen Sie Ihre Anreise mit dem Pkw \/ Motorrad so ist eine Reservierung dazu erforderlich. Unser Parkplatz ist ausgelegt f\u00fcr Pkw, Van oder kleinere Transporter. Reisen Sie mit einem gr\u00f6\u00dferen Fahrzeug an, so ist eine Buchung aufgrund der Lage der Ein &#8211; und Ausfahrt, leider nicht m\u00f6glich. Bitte sprechen Sie uns dazu direkt an, wir wissen in der Regel, wo ein solches Fahrzeug stehen kann. <\/p>\n\n\n\n<p>* <strong>Fahrr\u00e4der<\/strong> ( E-Bikes und Fahrr\u00e4der ) aller Art k\u00f6nnen kostenfrei in unserem Carport eingestellt werden. Dieser befindet sich hinter dem Hotel Geb\u00e4ude und ist von der Stra\u00dfe nicht einsehbar. Einen Keller, Schuppen oder anderen Raum stellen wir nicht zur Verf\u00fcgung. Es versteht sich von selbst, das Fahrr\u00e4der nicht mit auf das Hotelzimmer genommen werden d\u00fcrfen. Es gibt keinen Lastenaufzug, das Treppenhaus ist beengt. <\/p>\n\n\n\n<p><strong>Laden Ihrer Akkus: <\/strong> Bitte bedenken Sie immer, das ein Akku Ihres E-Bikes einen Elektrobrand ausl\u00f6sen kann.  In unserem Hotel ist das Laden nur unter Ihre Aufsicht m\u00f6glich in unseren Zimmern. Wir setzten voraus, das Sie das korrekte Ladekabel zu Ihrerm Ger\u00e4t nutzen; das Ihr Akku in einem einwandfreien Zustand ist und keinerlei Besch\u00e4digungen aufweist. Sch\u00e4den, die durch ein unsachgem\u00e4\u00dfes Laden entstehen, z.B. Kurzschluss oder Brand gehen voll zu Lasten des Anwenders\/ Besitzer des Akkus. <\/p>\n\n\n\n<p>* <strong>Zimmerkategorien<\/strong><\/p>\n\n\n\n<p>Wir verf\u00fcgen \u00fcber unterschiedliche Zimmerkategorien und Zimmergr\u00f6\u00dfen. Diese unterscheiden sich z.B. in Lage, Gr\u00f6\u00dfe des Zimmers, sowie in der Zimmerrate. Auf Ihre Anfrage machen wir Ihnen gerne ein individuelles Angebot, je nach Verf\u00fcgbarkeit der jeweiligen Kategorie.<\/p>\n\n\n\n<p>Bei z.B. Sch\u00e4den ( z.B. Wasserschaden etc )  oder Verl\u00e4ngerungen bestehender Buchungen k\u00f6nnen \u00c4nderungen, des Ihnen explizit best\u00e4tigten Zimmers mit Angabe zu Lage, Stockwerk und Ausstattung, m\u00f6glich machen. Ein Anspruch auf genau dies best\u00e4tigte Zimmer besteht nicht. Eine \u00c4nderung unsererseits erfolgt jedoch immer in der von Ihnen gebuchten Kategorie oder als eine Umbuchung in einer h\u00f6here Kategorie ohne weitere Kosten.<\/p>\n\n\n\n<p>Ist eine Information von uns an Sie zeitlich m\u00f6glich, so erhalten Sie eine entsprechende Nachricht, sollten Sie darauf gegebenenfalls eine Stornierung vorziehen, steht Ihnen dann innerhalb unserer Fristen frei. Ist z.B. durch einen Schaden eine rechtzeitige Information an den Gast vor Anreise nicht mehr m\u00f6glich, so erfolgt die Umbuchung innerhalb der selben Kategorie oder in die n\u00e4chsth\u00f6here Kategorie. Auch hier gilt, ein Anspruch, auf das Ihnen vorab best\u00e4tige Zimmer besteht nicht.<\/p>\n\n\n\n<p>Dies gilt bei direkten Buchungen oder aber auch bei Buchungen \u00fcber eines der Buchungsportale, auf denen unsere Zimmer angeboten werden. <\/p>\n\n\n\n<p>* Unsere Zimmerpreise sind reine \u00dcbernachtungspreise und verstehen sich inklusive der gesetzlichen Mehrwertsteuer von 7 % und exklusive \u00dcbernachtungssteuer der Hansestadt Wismar.<\/p>\n\n\n\n<p>\u00c4nderungen sind jederzeit m\u00f6glich und vorbehalten.<\/p>\n\n\n\n<p>Unsere AGB\u00b4s, unser Impressum und die Informationen zum Datenschutz finden Sie ebenfalls auf unserer Homepage. Stand 01.2026<\/p>\n\n\n\n<p><\/p>\n","protected":false},"excerpt":{"rendered":"<p>Nachfolgend sollten Sie alle Antworten auf Ihre Fragen finden. Grunds\u00e4tzlich empfiehlt es sich, immer erst Kontakt mit uns aufzunehmen, wenn Sie eine Fragen haben, die&#8230;<\/p>\n","protected":false},"author":1,"featured_media":0,"parent":0,"menu_order":0,"comment_status":"closed","ping_status":"closed","template":"","meta":{"footnotes":""},"class_list":["post-101","page","type-page","status-publish","hentry"],"_links":{"self":[{"href":"https:\/\/hotelwillert.de\/index.php?rest_route=\/wp\/v2\/pages\/101","targetHints":{"allow":["GET"]}}],"collection":[{"href":"https:\/\/hotelwillert.de\/index.php?rest_route=\/wp\/v2\/pages"}],"about":[{"href":"https:\/\/hotelwillert.de\/index.php?rest_route=\/wp\/v2\/types\/page"}],"author":[{"embeddable":true,"href":"https:\/\/hotelwillert.de\/index.php?rest_route=\/wp\/v2\/users\/1"}],"replies":[{"embeddable":true,"href":"https:\/\/hotelwillert.de\/index.php?rest_route=%2Fwp%2Fv2%2Fcomments&post=101"}],"version-history":[{"count":22,"href":"https:\/\/hotelwillert.de\/index.php?rest_route=\/wp\/v2\/pages\/101\/revisions"}],"predecessor-version":[{"id":314,"href":"https:\/\/hotelwillert.de\/index.php?rest_route=\/wp\/v2\/pages\/101\/revisions\/314"}],"wp:attachment":[{"href":"https:\/\/hotelwillert.de\/index.php?rest_route=%2Fwp%2Fv2%2Fmedia&parent=101"}],"curies":[{"name":"wp","href":"https:\/\/api.w.org\/{rel}","templated":true}]}}